thousands digit of 1280282507?
8
What is the units digit of 62179578?
8
What is the ten thousands digit of 1361678317?
7
What is the millions digit of 747277232?
7
What is the hundreds digit of 1874519569?
5
What is the units digit of 124478682?
2
What is the units digit of 988382120?
0
What is the hundred millions digit of 921974628?
9
What is the hundred thousands digit of 41772168?
7
What is the ten thousands digit of 58686565?
8
What is the hundreds digit of 116181264?
2
What is the tens digit of 44039471?
7
What is the ten thousands digit of 263192906?
9
What is the ten thousands digit of 7458997?
5
What is the hundred millions digit of 143517387?
1
What is the thousands digit of 18560031?
0
What is the hundreds digit of 1215080295?
2
What is the millions digit of 14265512?
4
What is the tens digit of 244277279?
7
What is the tens digit of 81361067?
6
What is the millions digit of 494078885?
4
What is the hundred thousands digit of 224932418?
9
What is the thousands digit of 37979809?
9
What is the units digit of 286269377?
7
What is the ten millions digit of 1305593656?
0
What is the tens digit of 33027515?
1
What is the thousands digit of 1240966618?
6
What is the hundred thousands digit of 2040255627?
2
What is the thousands digit of 131219737?
9
What is the thousands digit of 2201257239?
7
What is the millions digit of 19276907?
9
What is the tens digit of 36094555?
5
What is the tens digit of 341385507?
0
What is the millions digit of 569786874?
9
What is the thousands digit of 1112555698?
5
What is the ten thousands digit of 9479674?
7
What is the units digit of 32836935?
5
What is the millions digit of 296926541?
6
What is the units digit of 55729175?
5
What is the hundreds digit of 293569742?
7
What is the ten millions digit of 202267035?
0
What is the ten millions digit of 97880461?
9
What is the thousands digit of 2185532392?
2
What is the hundreds digit of 32129544?
5
What is the hundred thousands digit of 58476369?
4
What is the millions digit of 4771028092?
1
What is the tens digit of 1153845?
4
What is the ten thousands digit of 436825620?
2
What is the ten millions digit of 761065070?
6
What is the units digit of 423052093?
3
What is the hundreds digit of 35406388?
3
What is the ten thousands digit of 213130817?
3
What is the hundred millions digit of 108840579?
1
What is the tens digit of 47970019?
1
What is the thousands digit of 92234749?
4
What is the hundred thousands digit of 57791263?
7
What is the ten millions digit of 71685868?
7
What is the ten millions digit of 38230327?
3
What is the thousands digit of 98522417?
2
What is the tens digit of 130529907?
0
What is the thousands digit of 183853749?
3
What is the hundred thousands digit of 128515251?
5
What is the hundred thousands digit of 2142681495?
6
What is the hundreds digit of 9621390?
3
What is the hundred millions digit of 393610020?
3
What is the hundred thousands digit of 4982087501?
0
What is the units digit of 326248221?
1
What is the thousands digit of 58106057?
6
What is the ten millions digit of 2538965526?
3
What is the tens digit of 47696270?
7
What is the ten millions digit of 24288934?
2
What is the hundreds digit of 15307735?
7
What is the ten millions digit of 3203057510?
0
What is the tens digit of 206165906?
0
What is the ten millions digit of 2990012401?
9
What is the ten thousands digit of 124941012?
4
What is the hundreds digit of 1839286?
2
What is the billions digit of 2680026216?
2
What is the hundred thousands digit of 327658858?
6
What is the tens digit of 155048997?
9
What is the hundred millions digit of 2478852977?
4
What is the hundreds digit of 57649848?
8
What is the units digit of 49867622?
2
What is the hundred millions digit of 103636878?
1
What is the tens digit of 841262813?
1
What is the millions digit of 90016490?
0
What is the hundred thousands digit of 45927654?
9
What is the tens digit of 126831688?
8
What is the ten thousands digit of 2663074?
6
What is the millions digit of 4358539537?
8
What is the thousands digit of 1351380799?
0
What is the ten thousands digit of 116371393?
7
What is the thousands digit of 34220620?
0
What is the millions digit of 6283103772?
3
What is the ten thousands digit of 373078204?
7
What is the millions digit of 94116849?
4
What is the millions digit of 216355361?
6
What is the hundred thousands digit of 385740710?
7
What is the units digit of 74047809?
9
What is the thousands digit of 558089140?
9
What is the ten thousands digit of 82903106?
0
What is the ten thousands digit of 328266497?
6
What is the ten millions digit of 2667397344?
6
What is the tens digit of 187535255?
5
What is the ten thousands digit of 149966607?
6
What is the thousands digit of 37568009?
8
What is the millions digit of 911561231?
1
What is the ten millions digit of 776145874?
7
What is the thousands digit of 103932309?
2
What is the tens digit of 321378566?
6
What is the tens digit of 991220537?
3
What is the millions digit of 4406062692?
6
What is the hundreds digit of 218731192?
1
What is the billions digit of 1481703564?
1
What is the units digit of 10692753?
3
What is the thousands digit of 15188147?
8
What is the tens digit of 21553955?
5
What is the tens digit of 2058501041?
4
What is the hundreds digit of 141515856?
8
What is the hundreds digit of 195491514?
5
What is the tens digit of 263553855?
5
What is the hundreds digit of 126192149?
1
What is the thousands digit of 117895245?
5
What is the ten thousands digit of 159859155?
5
What is the hundred thousands digit of 32426432?
4
What is the tens digit of 69182337?
3
What is the millions digit of 118744046?
8
What is the ten thousands digit of 1275140189?
4
What is the tens digit of 191652014?
1
What is the hundred thousands digit of 58945970?
9
What is the thousands digit of 261411505?
1
What is the units digit of 3438495501?
1
What is the hundred thousands digit of 522434810?
4
What is the tens digit of 41422978?
7
What is the thousands digit of 757894456?
4
What is the ten thousands digit of 321073202?
7
What is the ten thousands digit of 52079908?
7
What is the ten millions digit of 3019619572?
1
What is the hundred thousands digit of 8216127?
2
What is the hundred thousands digit of 157881451?
8
What is the hundred thousands digit of 437183827?
1
What is the hundred millions digit of 256888117?
2
What is the thousands digit of 56421890?
1
What is the thousands digit of 17712395?
2
What is the tens digit of 1214368248?
4
What is the hundred thousands digit of 692753100?
7
What is the units digit of 1074399763?
3
What is the thousands digit of 47681499?
1
What is the thousands digit of 236417317?
7
What is the units digit of 53991596?
6
What is the hundred thousands digit of 20894352?
8
What is the millions digit of 178688506?
8
What is the thousands digit of 179770172?
0
What is the thousands digit of 196241436?
1
What is the hundred millions digit of 257547262?
2
What is the tens digit of 1743768031?
3
What is the tens digit of 9250402462?
6
What is the thousands digit of 94359786?
9
What is the ten thousands digit of 6364160?
6
What is the hundreds digit of 193220135?
1
What is the hundred millions digit of 649828975?
6
What is the ten millions digit of 738756472?
3
What is the millions digit of 291579804?
1
What is the ten millions digit of 1149248296?
4
What is the hundreds digit of 171228107?
1
What is the ten thousands digit of 2472297753?
9
What is the hundreds digit of 1447208479?
4
What is the hundred thousands digit of 101563436?
5
What is the ten thousands digit of 7486131?
8
What is the hundred thousands digit of 3475617530?
6
What is the hundreds digit of 96563702?
7
What is the hundreds digit of 3692533124?
1
What is the hundreds digit of 793225866?
8
What is the hundreds digit of 20313097?
0
What is the hundreds digit of 12601633?
6
What is the millions digit of 76562855?
6
What is the tens digit of 95981954?
5
What is the thousands digit of 84870185?
0
What is the hundred thousands digit of 1875707537?
7
What is the ten thousands digit of 857672581?
7
What is the hundreds digit of 10976003?
0
What is the hundred thousands digit of 188208671?
2
What is the tens digit of 315490321?
2
What is the tens digit of 90404144?
4
What is the 